{"id":12,"date":"2013-02-13T18:23:09","date_gmt":"2013-02-13T17:23:09","guid":{"rendered":"http:\/\/www.martineclerc.ch\/?page_id=12"},"modified":"2024-04-09T07:19:14","modified_gmt":"2024-04-09T06:19:14","slug":"expositions","status":"publish","type":"page","link":"https:\/\/www.martineclerc.ch\/?page_id=12","title":{"rendered":"Expositions"},"content":{"rendered":"\n<p>Expositions personnelles \/ collectives \/ collections publiques<br><a name=\"perso\"><\/a><br><strong>Expositions personnelles:<\/strong><\/p>\n\n\n\n<p>2021 Galerie d&rsquo;art Kaminska&amp;Stocker, Yverdon-les-Bains, avec Pierre Oulevay, sculpteur<br>2017 R\u00e9trospective, Galerie Edouard Roch, Ballens<br>2016 Galerie d&rsquo;art Kaminska&amp;Stocker, Yverdon-les-Bains, avec Eric Sansonnens, sculpteur<br>2014 Espace culturel Assens, en compagnie de Pierrette Gonseth-Favre<strong><br><\/strong>2014 Maison de la Po\u00e9sie, Annecy<br>2012 Galerie Arcane, Corcelles (Neuch\u00e2tel).<br>2011 Galerie Lyc\u00e9e St Paul, Angoul\u00eame.<br>2009 Galerie Arts et Lettres, Vevey.<br>2006 Galerie Planque, art contemporain, Lausanne.<br>2005 Galerie du Moulin de la Tourelle, Valangin (Neuch\u00e2tel).<br>2003 Galerie Planque, art contemporain, Lausanne.<br>2001 Espace culturel du Club diplomatique de Gen\u00e8ve.<br>2001 Foyer du th\u00e9\u00e2tre de Beaulieu, Lausanne.<br>1999 Galerie Planque, art contemporain, Lausanne.<br>1998 La Galerie, Gen\u00e8ve.<br>1998 Galerie de Bogis-Bossey.<br>1997 Galerie Planque, art contemporain, Lausanne.<br>1996 Galerie de Bogis-Bossey.<br>1995 Galerie l&rsquo;Atelier, Le Mont sur Lausanne.<br>1993 Galerie de l&rsquo;Orangerie, Neuch\u00e2tel.<br>1993 Galerie de Bogis-Bossey.<br>1991 Galerie l&rsquo;Atelier, Le Mont-sur-Lausanne<\/p>\n\n\n\n<p><strong>Expositions collectives:<br><br><\/strong>2024 Fondation Ateliers d\u2019Artiste, \u00ab\u00a0Femmes et artistes apr\u00e8s 1930\u00a0\u00bb, St Maurice<br>2023 Galerie Kaminska &amp; Stocker, Yverdon les Bains<br>2021 Fondation des Ateliers d\u2019Artiste, \u00ab\u00a0<em>Red\u00e9couvertes<\/em>\u00ab\u00a0, St Maurice <br>2014 Espace culturel les Dominicaines, \u00ab\u00a0<em>Le luxe de la peinture\u00a0\u00bb<\/em>, \u00a0Pont-l&rsquo;\u00c9v\u00eaque<br>2013 Halles CFF Lausannne,<em>\u00a0\u00ab\u00a0de l&rsquo;inachev\u00e9\u00a0\u00bb<\/em>\u00a0 Visarte.Vaud. : exposition collective de dessins<br>2010 Mus\u00e9e de Bagnes,<em id=\"__mceDel\">\u00a0\u00abLe Go\u00fbt du monde\u00bb,\u00a0<\/em><span style=\"color: #333333; font-style: normal; line-height: 24.375px;\">Le Ch\u00e2ble.<br><\/span>2007<em id=\"__mceDel\"><em id=\"__mceDel\">\u00a0<\/em><\/em>M\u00e9diath\u00e8que Valais,<em id=\"__mceDel\"><em id=\"__mceDel\">\u00a0<\/em><\/em>Sion.<br>2005 Visarte vaud expose ses artistes<em id=\"__mceDel\"><em id=\"__mceDel\">,\u00a0\u00bbvisarte aux bains vingt&amp;un\u00a0\u00bb \u00a0<\/em><\/em>Lausanne.<br>2004<em id=\"__mceDel\"><em id=\"__mceDel\"><em id=\"__mceDel\"><em id=\"__mceDel\"><em id=\"__mceDel\"><em id=\"__mceDel\"><em id=\"__mceDel\"><em id=\"__mceDel\"><em id=\"__mceDel\">\u00a0<\/em><\/em><\/em><\/em><\/em><\/em><\/em><\/em><\/em>Galerie Nota Bene,<em id=\"__mceDel\">\u00a0<\/em>Gen\u00e8ve<em id=\"__mceDel\">.<br><\/em>1999<em id=\"__mceDel\"><em id=\"__mceDel\">\u00a0<\/em><\/em>Galerie Planque<em id=\"__mceDel\"><em id=\"__mceDel\">, \u00ab\u00a0Cartes de voeux d&rsquo;artistes\u00a0\u00bb,<\/em><\/em> Lausanne.<br>1999\u00a0Galerie d&rsquo;Arfi,<em id=\"__mceDel\"><em id=\"__mceDel\">\u00a0s\u00e9lection du 21\u00e8me salon de printemps, <\/em><\/em>Denges.<br>1993<em id=\"__mceDel\"><em id=\"__mceDel\">\u00a0<\/em><\/em>Galerie l&rsquo;Atelier<em id=\"__mceDel\"><em id=\"__mceDel\">, <\/em><\/em>Le Mont-sur-Lausanne<em id=\"__mceDel\"><em id=\"__mceDel\">.<\/em><\/em><\/p>\n\n\n\n<p><strong>Collections publiques:<\/strong><br>Cercle Litt\u00e9raire de Lausanne<br>Fondation Leenaards &#8211; Lausanne<br>Fonds des arts plastiques de la ville de Lausanne.<br>Collection BCU, Biblioth\u00e8que cantonale et universitaire, R\u00e9serve pr\u00e9cieuse, Dorigny-Lausanne.<br>Biblioth\u00e8que Jacques-Doucet, Paris.<br><\/p>\n","protected":false},"excerpt":{"rendered":"<p>Expositions personnelles \/ collectives \/ collections publiquesExpositions personnelles: 2021 Galerie d&rsquo;art Kaminska&amp;Stocker, Yverdon-les-Bains, avec Pierre Oulevay, sculpteur2017 R\u00e9trospective, Galerie Edouard Roch, Ballens2016 Galerie d&rsquo;art Kaminska&amp;Stocker, Yverdon-les-Bains, avec Eric Sansonnens, sculpteur2014 Espace culturel Assens, en compagnie de Pierrette Gonseth-Favre2014 Maison de &hellip; <a href=\"https:\/\/www.martineclerc.ch\/?page_id=12\">Continuer la lecture <span class=\"meta-nav\">&rarr;<\/span><\/a><\/p>\n","protected":false},"author":1,"featured_media":0,"parent":0,"menu_order":0,"comment_status":"closed","ping_status":"open","template":"","meta":{"footnotes":""},"class_list":["post-12","page","type-page","status-publish","hentry"],"_links":{"self":[{"href":"https:\/\/www.martineclerc.ch\/index.php?rest_route=\/wp\/v2\/pages\/12","targetHints":{"allow":["GET"]}}],"collection":[{"href":"https:\/\/www.martineclerc.ch\/index.php?rest_route=\/wp\/v2\/pages"}],"about":[{"href":"https:\/\/www.martineclerc.ch\/index.php?rest_route=\/wp\/v2\/types\/page"}],"author":[{"embeddable":true,"href":"https:\/\/www.martineclerc.ch\/index.php?rest_route=\/wp\/v2\/users\/1"}],"replies":[{"embeddable":true,"href":"https:\/\/www.martineclerc.ch\/index.php?rest_route=%2Fwp%2Fv2%2Fcomments&post=12"}],"version-history":[{"count":34,"href":"https:\/\/www.martineclerc.ch\/index.php?rest_route=\/wp\/v2\/pages\/12\/revisions"}],"predecessor-version":[{"id":1216,"href":"https:\/\/www.martineclerc.ch\/index.php?rest_route=\/wp\/v2\/pages\/12\/revisions\/1216"}],"wp:attachment":[{"href":"https:\/\/www.martineclerc.ch\/index.php?rest_route=%2Fwp%2Fv2%2Fmedia&parent=12"}],"curies":[{"name":"wp","href":"https:\/\/api.w.org\/{rel}","templated":true}]}}

<p>Expositions personnelles / collectives / collections publiques<br><a name="perso"></a><br><strong>Expositions personnelles:</strong></p>



<p>2021 Galerie d&rsquo;art Kaminska&amp;Stocker, Yverdon-les-Bains, avec Pierre Oulevay, sculpteur<br>2017 Rétrospective, Galerie Edouard Roch, Ballens<br>2016 Galerie d&rsquo;art Kaminska&amp;Stocker, Yverdon-les-Bains, avec Eric Sansonnens, sculpteur<br>2014 Espace culturel Assens, en compagnie de Pierrette Gonseth-Favre<strong><br></strong>2014 Maison de la Poésie, Annecy<br>2012 Galerie Arcane, Corcelles (Neuchâtel).<br>2011 Galerie Lycée St Paul, Angoulême.<br>2009 Galerie Arts et Lettres, Vevey.<br>2006 Galerie Planque, art contemporain, Lausanne.<br>2005 Galerie du Moulin de la Tourelle, Valangin (Neuchâtel).<br>2003 Galerie Planque, art contemporain, Lausanne.<br>2001 Espace culturel du Club diplomatique de Genève.<br>2001 Foyer du théâtre de Beaulieu, Lausanne.<br>1999 Galerie Planque, art contemporain, Lausanne.<br>1998 La Galerie, Genève.<br>1998 Galerie de Bogis-Bossey.<br>1997 Galerie Planque, art contemporain, Lausanne.<br>1996 Galerie de Bogis-Bossey.<br>1995 Galerie l&rsquo;Atelier, Le Mont sur Lausanne.<br>1993 Galerie de l&rsquo;Orangerie, Neuchâtel.<br>1993 Galerie de Bogis-Bossey.<br>1991 Galerie l&rsquo;Atelier, Le Mont-sur-Lausanne</p>



<p><strong>Expositions collectives:<br><br></strong>2024 Fondation Ateliers d’Artiste, « Femmes et artistes après 1930 », St Maurice<br>2023 Galerie Kaminska &amp; Stocker, Yverdon les Bains<br>2021 Fondation des Ateliers d’Artiste, « <em>Redécouvertes</em>« , St Maurice <br>2014 Espace culturel les Dominicaines, « <em>Le luxe de la peinture »</em>,  Pont-l&rsquo;Évêque<br>2013 Halles CFF Lausannne,<em> « de l&rsquo;inachevé »</em>  Visarte.Vaud. : exposition collective de dessins<br>2010 Musée de Bagnes,<em id="__mceDel"> «Le Goût du monde», </em><span style="color: #333333; font-style: normal; line-height: 24.375px;">Le Châble.<br></span>2007<em id="__mceDel"><em id="__mceDel"> </em></em>Médiathèque Valais,<em id="__mceDel"><em id="__mceDel"> </em></em>Sion.<br>2005 Visarte vaud expose ses artistes<em id="__mceDel"><em id="__mceDel">, »visarte aux bains vingt&amp;un »  </em></em>Lausanne.<br>2004<em id="__mceDel"><em id="__mceDel"><em id="__mceDel"><em id="__mceDel"><em id="__mceDel"><em id="__mceDel"><em id="__mceDel"><em id="__mceDel"><em id="__mceDel"> </em></em></em></em></em></em></em></em></em>Galerie Nota Bene,<em id="__mceDel"> </em>Genève<em id="__mceDel">.<br></em>1999<em id="__mceDel"><em id="__mceDel"> </em></em>Galerie Planque<em id="__mceDel"><em id="__mceDel">, « Cartes de voeux d&rsquo;artistes »,</em></em> Lausanne.<br>1999 Galerie d&rsquo;Arfi,<em id="__mceDel"><em id="__mceDel"> sélection du 21ème salon de printemps, </em></em>Denges.<br>1993<em id="__mceDel"><em id="__mceDel"> </em></em>Galerie l&rsquo;Atelier<em id="__mceDel"><em id="__mceDel">, </em></em>Le Mont-sur-Lausanne<em id="__mceDel"><em id="__mceDel">.</em></em></p>



<p><strong>Collections publiques:</strong><br>Cercle Littéraire de Lausanne<br>Fondation Leenaards &#8211; Lausanne<br>Fonds des arts plastiques de la ville de Lausanne.<br>Collection BCU, Bibliothèque cantonale et universitaire, Réserve précieuse, Dorigny-Lausanne.<br>Bibliothèque Jacques-Doucet, Paris.<br></p>

<p>Expositions personnelles / collectives / collections publiquesExpositions personnelles: 2021 Galerie d&rsquo;art Kaminska&amp;Stocker, Yverdon-les-Bains, avec Pierre Oulevay, sculpteur2017 Rétrospective, Galerie Edouard Roch, Ballens2016 Galerie d&rsquo;art Kaminska&amp;Stocker, Yverdon-les-Bains, avec Eric Sansonnens, sculpteur2014 Espace culturel Assens, en compagnie de Pierrette Gonseth-Favre2014 Maison de &hellip; <a href="https://www.martineclerc.ch/?page_id=12">Continuer la lecture <span class="meta-nav">&rarr;</span></a></p>
